a be p(5). Let m = 4743 + -4578. Calculate the highest common factor of a and m.
15
Suppose -30*j = -25*j - 45. Calculate the greatest common divisor of j and 6.
3
Let r be 6/(-14) + (-13)/((-91)/269). Calculate the greatest common factor of r and 209.
19
Suppose 20 = -4*w, -5*w + 8 = o - w. Let z = o - 17. Let x(q) = 2*q - 21. Let g be x(z). What is the highest common factor of g and 1?
1
Let g = -528 - -812. Let a = g + -199. Calculate the highest common divisor of a and 17.
17
Let t(j) = -j**2 + 10*j - 15. Let g be t(7). Suppose -56 = -g*d + 2*d. Let n(s) = 127*s**2 - 1. Let m be n(1). What is the greatest common factor of m and d?
14
Suppose -5*r = -3549 - 901. Suppose -3*b - 2*v = -r, 5*v = -3*b - 109 + 1002. Let g = b + -205. What is the greatest common divisor of 13 and g?
13
Suppose -y + 2*l + 22 = 0, -5*l - 1 = -6. Calculate the highest common divisor of y and 1080.
24
Let m(b) = b**3 + 13*b**2 - 4*b - 1. Let f be m(-13). What is the greatest common divisor of f and 119?
17
Suppose -20*k - 608 = -28*k. What is the greatest common divisor of k and 19?
19
Let y(q) = q + 21. Let r be y(-17). Suppose 2*z - 22 = -r*a, -5*z - 65 = -0*a - 5*a. Calculate the highest common factor of 1 and a.
1
Let q(m) = m + 20. Let r be q(-13). Suppose -3*l - 2*v + 101 = -2*l, 3*l + 3*v - 288 = 0. Calculate the highest common factor of r and l.
7
Suppose 2 + 4 = 3*l. Suppose 0*i + l*i - 156 = 0. Let o = i - -2. Calculate the highest common factor of o and 20.
20
Suppose -f + 9*f = -8. Let u(z) = 222*z**2 - 3*z - 1. Let t be u(f). Calculate the highest common factor of t and 14.
14
Let z be ((-30)/9)/(3 - 545/180). What is the highest common divisor of z and 300?
60
Suppose -54*c + 29 = -53*c. Calculate the highest common factor of c and 2059.
29
Suppose -2503 = -21*c + 1865. Calculate the highest common factor of 26 and c.
26
Suppose -13 = -3*a + 5*q + 2, 29 = 2*a + 3*q. Let s = a - 7. Calculate the greatest common divisor of s and 21.
3
Let i be (-1)/(-2)*(-1 + 15). Suppose -2*c = -1 - i, -2*q - c = -10. What is the highest common divisor of 3 and q?
3
Let n(i) = i**3 + 5*i**2 - 7*i - 3. Let v be n(-6). Let h(r) = 14*r + 227. Let o be h(-16). Calculate the highest common factor of o and v.
3
Let m be 4*(-1 - -5) + -11 + 7. Let l be -2 - 86/((-1)/1). Calculate the highest common factor of l and m.
12
Let u = 530 - -302. Suppose s - u = -12*s. Let p(h) = 3*h + 4. Let q be p(4). What is the highest common divisor of q and s?
16
Let m be 12/15*30/4. Let c(r) = -r**3 - 2*r**2 - 5*r - 3. Let p be c(-2). Suppose -3*h - 48 = -p*h. Calculate the highest common factor of m and h.
6
Suppose 4*x - 245 = -x. Suppose -3*q - 2*s = -x, -4*s = -q - s + 9. Suppose -w + q = 2*w. Calculate the highest common factor of 35 and w.
5
Suppose u + u = 0. Suppose u = -s - s + 18. Let b = -33 - -69. Calculate the highest common divisor of b and s.
9
Let x = 2 - 1. Let n be x*(1 + (0 - -5)). What is the greatest common factor of n and 3?
3
Suppose -5*o + 14 + 11 = 0. Suppose -2*f = -o - 15. Suppose -47*v + 1825 = -3345. What is the highest common divisor of v and f?
10
Let t be (21/12)/((-14)/(-4368)). What is the highest common divisor of 294 and t?
42
Let w(p) = p**2 + 17*p - 30. Let d be w(-14). Let j = d - -86. Suppose -4*v + 16 = -40. What is the greatest common divisor of v and j?
14
Let z(i) be the second derivative of 0 + 0*i**2 + 1/6*i**4 - 2/3*i**3 + 3*i. Let k be z(-4). Calculate the highest common factor of k and 6.
6
Suppose 386 = -3*j - 3*a - 55, 3*j - 5*a = -433. Let q = j - -157. What is the highest common factor of q and 77?
11
Let g = -693 - -885. Calculate the highest common factor of 320 and g.
64
Let v be (5 - 11)/3 - (1 - 11). Suppose 3*b - 12 = -3*n, -4*b = -4*n - 0*b - v. What is the greatest common factor of 7 and n?
1
Let m(a) = -a**3 - 2*a**2 + 14*a + 33. Let v be m(-5). Calculate the greatest common factor of v and 133.
19
Let h = 24 + 61. Calculate the highest common factor of h and 68.
17
Suppose -2 = -c, 64 = -2*l + 6*l - 2*c. Let b = l - 16. Suppose 3*o - 5 = 2*o. Calculate the highest common divisor of o and b.
1
Let n(c) = -2*c - 1. Let s be n(-1). Let o(m) = 20*m - 4. Let y be o(s). Calculate the greatest common divisor of 24 and y.
8
Suppose -5*f + 11 + 14 = 0. Let u(g) = g**3 - g**2 - 5. Let d be u(f). Let s = 11 + 8. What is the highest common divisor of d and s?
19
Let s be -4*4/(-16)*5 - -50. What is the greatest common factor of s and 33?
11
Suppose 2*b - 10 = 2*q, -5*b + 26 = q - 23. What is the highest common factor of b and 27?
9
Suppose -5*p + 12 = f - 40, 4*p + 4*f - 32 = 0. Calculate the greatest common divisor of p and 1.
1
Let s be (-2)/10 - (-23782)/110. What is the greatest common divisor of 24 and s?
24
Let k(d) = 4*d**2 - 4*d - 3. Let r be k(4). Let h be (1/2)/(-5*(-1)/90). What is the highest common divisor of h and r?
9
Let h be (-212)/(-9 + 215/25). Calculate the highest common divisor of 10 and h.
10
Let k be 161/35 - 6/10. Let a be 125 + (-3)/(-12)*k. Calculate the greatest common divisor of 14 and a.
14
Suppose -5*k = -2*v + 243, 0 = -412*k + 408*k - 12. Calculate the highest common divisor of v and 102.
6
Let r be (3/(-7) - 104256/168)/(-1). What is the greatest common factor of r and 108?
27
Let g(t) = t**3 - 13*t**2 - 2*t + 24. Let r be g(13). Let d(u) = u**2 - 4*u - 5. Let z be d(r). What is the highest common divisor of z and 7?
7
Suppose -74*f - 20526 = -64038. Suppose t + 0 - 2 = 0. Suppose n = -t*n + f. Calculate the highest common factor of n and 28.
28
Suppose k - 5*o - 16 = 0, -2*k - 2*k = -4*o - 96. What is the highest common divisor of 221 and k?
13
Suppose 4*n + 19*n - 10787 = 0. Calculate the highest common divisor of 7 and n.
7
Suppose 7*x + 59 - 17 = 0. Let a be (14 + x/(-2))*-5. Let h = a + 147. What is the highest common factor of h and 155?
31
Let l = 126 + -77. Let f be ((-296)/(-7) - 0) + (-14)/l. Calculate the highest common divisor of f and 28.
14
Let s = 216 - 156. Calculate the highest common divisor of 30 and s.
30
Let g = 0 + -5. Let f(c) = -c - 3. Let o be f(g). Calculate the highest common divisor of o and 3.
1
Let f(o) = -o**2 + 18*o + 40. Let a be f(10). Calculate the greatest common divisor of a and 15.
15
Let u(d) = -31 - 10*d - 3*d**3 - 11*d**2 + 23 + d**3. Let a be u(-8). What is the highest common divisor of 49 and a?
49
Let a be ((3060/(-16))/17)/((-2)/8). What is the greatest common factor of a and 180?
45
Suppose -15 = -3*k - 6. Suppose 2*s - 5 = -d, -d + k = -0*d. Calculate the highest common divisor of 11 and s.
1
Let t(l) = -10*l + 54. Let j be t(4). What is the highest common divisor of j and 574?
14
Suppose -t - g = 2*t - 221, -5*t - 5*g = -385. Let j = t + 5. What is the highest common divisor of 7 and j?
7
Let t = 40 - 3. Calculate the highest common divisor of t and 111.
37
Let h = 143 - 73. Let p be (4/12)/((-1)/(-9)). Suppose 4*g + 58 = 3*q, 4*g - 3 = -p*q + 23. Calculate the highest common divisor of h and q.
14
Suppose 0 = 3*s - 2*s - 58. Suppose -93 - 1067 = -2*p. Suppose -23*f - p = -27*f. What is the highest common factor of f and s?
29
Suppose 0 = -2*z + 17 + 103. Calculate the greatest common divisor of 144 and z.
12
Let p(s) = 3*s**2 - 24*s + 5. Let h be p(9). Calculate the highest common divisor of h and 64.
32
Let p(n) = n**2 + 24*n - 177. Let y be p(-31). Calculate the highest common divisor of 1 and y.
1
Let x be 2 + (5/(20/12))/1. Suppose 0 = q - x*v - 47, -3*v - 45 = -q + v. What is the greatest common divisor of q and 333?
37
Let h = -11 + 13. Let m be (-711)/h*(-8)/6. Suppose 0 = -2*z - 3*i + 299, 0*i - m = -3*z + 4*i. What is the greatest common divisor of 22 and z?
22
Let l = 401 - 169. Let q = 352 - l. Let j(d) = 11*d**3 + 2*d**2 - 2*d + 1. Let k be j(1). Calculate the greatest common factor of q and k.
12
Let y(w) = 13*w + 2 + 90*w + 11 + 2. Let z be y(3). Calculate the highest common divisor of z and 36.
36
Let l = 1783 - 1678. Calculate the greatest common divisor of l and 455.
35
Suppose -19 = i - 5*b + 1, -5*b = -5*i. Let r = -5 - -10. What is the greatest common factor of i and r?
5
Let d be 162 + 1*6/12*-2. What is the highest common factor of 345 and d?
23
Suppose -9*q = 38*q - 2256. What is the greatest common divisor of q and 512?
16
Suppose 79 